-20))
-73
What is the value of 0 + 8 + (-100 - -70 - (-3 - -15) - -14)?
-20
What is 100 + (-215 + 1 - -135)?
21
-7 - (-15 + 0 + (-1 - 10))
19
113 + -142 + (1 - (5 - 27)) + 1 + 150
145
What is the value of (14 - -3) + (0 + -11 - (-82 + 31 + 40))?
17
Evaluate 123 + -9 + (11 - (7 + 13)) - (-1 - -2).
104
What is -5 - -16 - (147 + -180)?
44
Calculate 0 + (1 - -12) + (166 + -125 - 41) - -49.
62
Evaluate -24 + ((-1 + 13 - 6) + 17 - 9).
-10
(11 - (12 + 48)) + -5 + -3 - -9
-48
What is the value of 0 - 95 - (114 - 98) - -44?
-67
What is (9884 - 9857 - (25 + (-1 - 0))) + 2 + 2?
7
What is (24 - -9) + -39 + 37?
31
What is (4 - (24 + -1)) + 0 + (-98 - -23)?
-94
What is 971 - 1003 - (-28 + -1)?
-3
Evaluate (-1 - 19) + 2 - (27 - -1 - (1511 + -1492)).
-27
What is -32 + 0 + (2741 - 2769)?
-60
-160 - (-19 + 48 + -39 - 36)
-114
Calculate 8 + (-21 - (12 - (-1 + -4))).
-30
5 + (11 - ((2 + 5 - -4) + 25))
-20
What is -501 + 472 + (-11 - 93)?
-133
What is 156 + -22 - (276 + -112)?
-30
What is the value of 52 - (-202 + 222) - (-1 - 8 - (4 + -2))?
43
433 + -469 - (4 - 0 - -9)
-49
What is (-48 - (-19 + -37)) + 33 - 130?
-89
What is -1 + (8 - ((3 - -12) + -10)) + -32 + 0?
-30
Evaluate 0 + (7 - 27) + (17 + 15 - -83).
95
Evaluate -3 - (0 + 2) - 12 - (-34 - -12).
5
Evaluate -7 + -41 - (179 + -229).
2
Evaluate (33 + 3 - 10 - 41) + (-12 - -2).
-25
What is 4 - -29 - (-37 + 6)?
64
Evaluate 85 + 74 + (-211 - -81).
29
What is 1 + (82 - 198) + 119?
4
What is 9 + (-2 - 10 - (-1 + (-6 - -11) + -75))?
68
(8 - (1 + -1) - 3) + -1735 + 1732
2
What is the value of 6 - (131 + -12 + 8 + -18 + -2 + 35)?
-136
Calculate 1 + 57 + 0 + -1127 + 1105.
36
What is the value of (-16401 - -16300) + 2 + -1 + (-1 - (3 - 4))?
-100
Calculate 24 - 0 - (-111 - (84 - 209)).
10
(78 - 60 - (-4 - -12)) + (2 - -1)
13
(42 - 16) + -1 - (4 - -1)
20
Calculate (-2 - 37) + ((0 - -10) + -1 - 1).
-31
Calculate 0 + 1 - (-11 + -6 + (-4 + -4 - -18)).
8
Calculate 5 + 8 + (1 - 6 - (-30 + 66)).
-28
Evaluate (-19 - (-30 + 37 - -27)) + 35.
-18
What is the value of -59 - -66 - ((-13 - -7) + 8 + -6)?
11
Calculate -71 - (-12 + (29 - 22)) - (0 - 10).
-56
What is 1 + 18 + -2 + 6 - (55 - 52)?
20
What is the value of (23 + -11 + -23 - 8) + 53?
34
What is the value of 81 - (17 - -33) - -27?
58
What is the value of (3 - -2) + 2 + (-366 - -365) + -13?
-7
What is 24 - (29 + 0 + (-1282 - -1340))?
-63
(-5 - -54) + -37 + -6
6
Calculate -62 + -9 + 50 + 2 + (1 - 1).
-19
Calculate (10 - (0 - -1)) + (-1589 - -1581) + (-65 - 0).
-64
44 + (-9 - -6) + -212 + 27
-144
Evaluate (6 - (41 - 40) - -57) + (1 - 20).
43
Evaluate -66 + 56 - (25 + -18 - (-2 + -8)).
-27
Evaluate -23 + 15 + 49 + -20 + -14.
7
What is the value of 1 + (-8 - 7) - -4 - -17 - 14?
-7
What is 14 - 1 - (199 + -72 + -159)?
45
What is the value of 14 - (82 - (10 + -38 + 25))?
-71
Evaluate -12 + (-22 - 6) + 53.
13
Evaluate 3 - 29 - -8 - (14 - (44 - 76)).
-64
Evaluate -16 + (108 - -33) + -51.
74
What is the value of -2216 - -2152 - (-1 + -82)?
19
Calculate (-12 - (104 + -17)) + -26 + 14 - -19.
-92
Evaluate 8 - (-43 - -12 - 0).
39
Calculate -3 + (-64 - (14 + -47)).
-34
Calculate -10 - -7 - (-527 - -422).
102
What is the value of -5011 + 5027 + (0 - 54)?
-38
What is -7 + 22 + 2 + (30 - 42) + -2 + 5?
8
What is the value of (-47834 - -47816) + (0 - (1 - 5))?
-14
What is -12 - (-19 - (-96 + (-33 - -39)))?
-83
Evaluate 15 - (138 - (-54 - -169)).
-8
What is the value of -3 + 3 - ((-3 - (1 + 1)) + 3 + 49)?
-47
-70 + (-36 - 1 - -15)
-92
Evaluate (-2 + -2 - (-16 + 21)) + (3 - 12 - 7).
-25
Calculate -12 - (-149 - (-69 - 11)).
57
Evaluate 17 + (6 + -41 - (-43 - -75)).
-50
What is 12 + 2 + -13 + -9 + -46 + (6 - 6)?
-54
Evaluate -79 - (-2 + 1) - ((-16 - 17) + (57 - 18)).
-84
(-6 - ((10 - (-5 + 3)) + -11)) + -6 + 4
-9
(33 + -40 - (1 + -4)) + -12 + -3
-19
Evaluate -18 + (5 + (9 - 30) - -38).
4
Evaluate (-2 + 5 - ((3 - 48) + -6 + -4)) + -4.
54
What is the value of (8 - (-30 - -8)) + (20 - (7 + 12 + -1))?
32
Evaluate 1 - 26 - 40 - 59.
-124
Calculate 16 + (-1 - (17 - -30)) + 0 + -14.
-46
What is 21 + (-6 - (33 - 20)) + 3?
5
Calculate -592 + 628 + -16 + 5.
25
Evaluate 1 - -4 - (-14 + (-8 + -1 - (-251 - -237))).
14
What is 25 + -41 - (2 - (4 + 7))?
-7
-25 - (-180 + 75 - -6)
74
Calculate (-163 - (-28 - (6 + 4))) + 0 + -3.
-128
What is the value of -44 - (9 - 39) - (-11 + -68)?
65
What is 2 + (9 - 7 - (-2 - -2)) - (-202 + 114)?
92
Calculate (-14 - -9 - (-11 - 0)) + -242 + 229.
-7
Calculate 68 + -1 + (-477 - -430).
20
Calculate -3 - (11 - 17) - ((34 - 40) + 9 + 0).
0
What is the value of -109 - (-65 - 5) - -52?
13
Calculate 5 + (2 - 13 - (90 + -119)).
23
(-24 - -3 - (249 - 220)) + 21
-29
-47 - -42 - (3 + 5 + -12 + 2 - -6)
-9
-23 - (-83 - (-150 + 80))
-10
Evaluate 5 + -20 - (-2 + 1 - (-10 - -5 - -4)).
-15
What is 19 - (-20 + 40) - (31 + -9)?
-23
What is the value of -11 + 9 + -28 + 49 - (-69 - 13)?
101
Calculate (37 - 69) + -20 + 36.
-16
Evaluate 0 - -20 - (8 - (-2 - -9 - 1 - -8)).
26
Evaluate 21 + -122 + 91 - (66 + (3 - 2)).
-77
Evaluate -102 - (-90 + 90 + -41).
-61
(6 + 7 - (66 + -57)) + 1 + -70 - 8
-73
8 + (0 + -15 + (435 - 430) - 0)
-2
Evaluate 77 - 0 - ((-3 - -3) + (13 - (20 + -16))).
68
What is -11 - ((-50 - -7 - -33) + 4 + 15 + 1)?
-21
What is (2 - -16) + -26 + 11 + 3 + (-185 - -40)?
-139
What is (-72 - (33 + -29)) + -6 + (4 - (4 - -2))?
-84
What is the value of (-64 - -98) + (4 + 2 - 0) + -45 + 37?
32
What is 0 + 84 + 4 - (-122 - (-44 + -73))?
93
What is -19 + 5 - (7 - (8 + 36))?
23
31 + (-68 - -31) - (8 - (7 - -79))
72
What is the value of 9 - ((-47 - -43) + 7 + (-1 - 10) + 0)?
17
Calculate (6 - (-61 - -32)) + -30.
5
Evaluate (-17 + 2 - ((64 - -23) + -61)) + 7.
-34
What is -41 + 93 + -62 + -46?
-56
Evaluate -13 + 1 + 2 + (105 + -95 - (-3 + 10)).
-7
105 - -11 - (-60 + 302)
-126
Evaluate (-1 + 2 - -1) + (0 - 8) - (609 + -613).
-2
Calculate (-59 - -26) + 46 - (-4 + -9).
26
What is the value of -56 + (29 - ((18 - 19) + 15))?
-41
61 - (8 + (-1 - (20 + 0 + 170 + -183)))
61
144 + (-97 - 7) + 11
51
What is (-2 - (234 + -115)) + 91?
-30
What is the value of 771 + -759 + (-6 + 3 - 5)?
4
Calculate (-13 - (11 + -34)) + 25.
35
What is (76 + 20 - 41) + -50?
5
Calculate (4 - -14) + (22 - 12).
28
Evaluate -45 + (-18 - 9) + 106.
34
Evaluate 31 + (-43 - -32) - (42 + -2) - -64.
44
What is -7 - 7 - (10 + -48 + 22 + 16)?
-14
(49 - 96) + 48 + -22
-21
-9 - (1 + 65 - (57 - 37 - (-4 - -14)))
-65
Evaluate -4 - (15 + -74) - 48.
7
What is 13 + 1 + (-16 - ((9 - 26 - -4) + 4))?
7
What is 49 - (8 + -16 + -6 + (-6 - -23))?
46
(19 - (16 - 11 - -6) - 18) + 72
62
What is -586 + 604 + 39 + -3?
54
What is the value of 3 - -55 - (-1 + (-11 - -18) + -10 - -14)?
48
(-1 - (-7 + 4 + -7)) + (-64 - -54 - -56)
55
What is the value of -6 + (37 - 1) + (67 - 79)?
18
What is -319 + 392 - 73 - (-1 + 141)?
-140
What is the value of (9 - (26 + -10) - 11) + (0 - -5) + -69?
-82
Evaluate 53 + -131 + 9 + 28.
-41
What is 0 - 10 - (40 + (5 - 19) - 28)?
-8
What is the value of (21 - (10 - -1 - (-928 + 921))) + 11?
14
Calculate (0 - -1) + (-24 - 13).
-36
What is 23 - ((-32 - -48) + 19 + -5)?
-7
Calculate 22 + -10 + 17 + 4 + -2 + (-50 - -44).
25
What is the value of 77 + (4 - (-14 - -35) - 20)?
40
51 - ((-16 - (16 - 14)) + -3 - -11)
61
Evaluate (-19 - -11 - (-1 - -7)) + -546 + 532.
-28
What is the value of 99 + (76 - 90) - 93?
-8
What is the value of 10 + (-20 - -19 - (20 - ((9 - 4) + -10)))?
-16
Calculate ((6 - -16) + -5 - -6) + -6 - (7 - 4).
14
Evaluate -24 + 11 - (-71 + (10 - 11)).
59
What is the value of -39 - (-22 + (1 - (-18 + 23 - 6)))?
-19
What is 95 + (-34 - (142 - 92))?
11
What is the value of (14 - -2) + -66 + 47 + 11 + -60?
-52
Evaluate -143 - ((-16 - 2) + (18 - 5)).
-138
Calculate -47 + (-629 + 659 - (29 + 0)).
-46
What is the value of (13 - (5 + -16 + -2)) + (-6 - 2)?
18
What is (-89 - (-194 - -107)) + -136?
-138
What is the value of (7 - 1) + (20 - -11) + -4 + -32?
1
(-40 - 0) + (14 - 3 - (-12 - (12 - 27)))
-32
Calculate -60 + (-25 - -60) - -39.
14
What is the value of (-1 + 5 - 9 - (109 + -109)) + 76?
71
What is 33 - (2 + 12 + (10 + (-12 - -1) - 10))?
30
What is 18 + -4 + (-109 + 96 - -56)?
57
What is the value of 0 + -9 + -643 + 656 - 37?
-33
What is the value of (66 - (-1 + 1)) + (-6 + 6 + -6 - -6)?
66
Evaluate 201 + -215 + (-29 - -1) + 87.
45